{"id":5,"date":"2019-02-17T15:14:53","date_gmt":"2019-02-17T14:14:53","guid":{"rendered":"https:\/\/wau-effekt.net\/waueffekt\/?page_id=5"},"modified":"2023-05-06T09:14:26","modified_gmt":"2023-05-06T07:14:26","slug":"startseite","status":"publish","type":"page","link":"https:\/\/wau-effekt.net\/waueffekt\/","title":{"rendered":"STARTSEITE"},"content":{"rendered":"<p><div class=\"fusion-fullwidth fullwidth-box fusion-builder-row-1 nonhundred-percent-fullwidth non-hundred-percent-height-scrolling\" style=\"background-color: rgba(255,255,255,0);background-position: center center;background-repeat: no-repeat;padding-top:0px;padding-right:0px;padding-bottom:0px;padding-left:0px;margin-bottom: 0px;margin-top: 0px;border-width: 0px 0px 0px 0px;border-color:#eae9e9;border-style:solid;\" ><div class=\"fusion-builder-row fusion-row\"><div class=\"fusion-layout-column fusion_builder_column fusion-builder-column-0 fusion_builder_column_1_2 1_2 fusion-one-half fusion-column-first\" style=\"width:50%;width:calc(50% - ( ( 4% ) * 0.5 ) );margin-right: 4%;margin-top:0px;margin-bottom:10px;\"><div class=\"fusion-column-wrapper fusion-flex-column-wrapper-legacy\" style=\"background-position:left top;background-blend-mode: overlay;background-repeat:no-repeat;-webkit-background-size:cover;-moz-background-size:cover;-o-background-size:cover;background-size:cover;padding: 0px 0px 0px 0px;\"><div class=\"imageframe-align-center\"><span class=\" fusion-imageframe imageframe-dropshadow imageframe-1 hover-type-none fusion-animated\" style=\"border-radius:10px;-webkit-box-shadow: 10px 10px 14px rgba(0,0,0,0.3);box-shadow: 10px 10px 14px rgba(0,0,0,0.3);\" data-animationType=\"fadeIn\" data-animationDuration=\"0.5\" data-animationOffset=\"top-into-view\"><img decoding=\"async\" width=\"303\" height=\"283\" title=\"Logo_Wau!Effekt\" src=\"https:\/\/wau-effekt.net\/waueffekt\/wp-content\/uploads\/2023\/04\/Logo_WauEffekt-1.jpg\" alt class=\"img-responsive wp-image-1633\" srcset=\"https:\/\/wau-effekt.net\/waueffekt\/wp-content\/uploads\/2023\/04\/Logo_WauEffekt-1-200x187.jpg 200w, https:\/\/wau-effekt.net\/waueffekt\/wp-content\/uploads\/2023\/04\/Logo_WauEffekt-1.jpg 303w\" sizes=\"(max-width: 800px) 100vw, 303px\" \/><\/span><\/div><div class=\"fusion-clearfix\"><\/div><\/div><\/div><div class=\"fusion-layout-column fusion_builder_column fusion-builder-column-1 fusion_builder_column_1_2 1_2 fusion-one-half fusion-column-last\" style=\"width:50%;width:calc(50% - ( ( 4% ) * 0.5 ) );margin-top:0px;margin-bottom:10px;\"><div class=\"fusion-column-wrapper fusion-flex-column-wrapper-legacy\" style=\"background-position:left top;background-blend-mode: overlay;background-repeat:no-repeat;-webkit-background-size:cover;-moz-background-size:cover;-o-background-size:cover;background-size:cover;padding: 0px 0px 0px 0px;\"><div class=\"fusion-text fusion-text-1\" style=\"color:#545555;\"><h1>WAU!Effekt ab sofort an einer neuen Adresse!<\/h1>\n<p><span style=\"color: #545555;\">Bitte beachten Sie, dass <\/span><strong style=\"color: #545555;\">WAU!Effekt<\/strong><span style=\"color: #545555;\"> umgezogen ist.<\/span><br \/>\n<span style=\"color: #734829;\"><br \/>\n<span style=\"color: #545555;\"><br \/>\nAb sofort ist mein Hundesalon an folgender Adresse zu finden:<\/span><\/span><\/p>\n<h2><strong style=\"color: #545555;\">Rebg\u00e4rten 7<\/strong><br \/>\n<strong style=\"color: #545555;\">60431 Frankfurt am Main<\/strong><\/h2>\n<p style=\"color: #545555;\">Dort stehen Ihnen auch Kundenparkpl\u00e4tze zur Verf\u00fcgung.<\/p>\n<p><span style=\"color: #545555;\">Ich freue mich auf Sie!<\/span><br \/>\n<span style=\"color: #734829;\"><br \/>\n<span style=\"color: #545555;\"><br \/>\nIhre Sandra Busse<\/span><\/span><\/p>\n<\/div><div class=\"fusion-text fusion-text-2\"><h1>WAU!Effekt &#8211; Baden, Schneiden, Scheren, Trimmen und mehr!<\/h1>\n<p style=\"color: #545555;\">WAU!Effekt steht f\u00fcr fachgerechte, artgerechte und gesunde Hundepflege auf besonderem Niveau. Sie k\u00f6nnen w\u00e4hlen zwischen klassischem Schnitt nach Rassestandard oder individuell nach Kundenwunsch (Petclip).<\/p>\n<p style=\"color: #545555;\">Ich berate Sie gerne und gestalte Frisuren ganz nach Ihrem Wunsch. Vereinbaren Sie gleich einen Termin.<\/p>\n<p><span style=\"color: #545555;\">Ich freue mich auf Sie!<\/span><br \/>\n<span style=\"color: #545555;\"><br \/>\nIhre Sandra Busse<\/span><\/p>\n<\/div><div class=\"fusion-clearfix\"><\/div><\/div><\/div><\/div><\/div><div class=\"fusion-fullwidth fullwidth-box fusion-builder-row-2 mittig hundred-percent-fullwidth non-hundred-percent-height-scrolling\" style=\"background-color: #e4d8c2;background-position: center center;background-repeat: no-repeat;padding-top:10px;padding-right:20px;padding-bottom:10px;padding-left:20px;margin-bottom: 0px;margin-top: 0px;border-width: 0px 0px 0px 0px;border-color:#eae9e9;border-style:solid;\" ><div class=\"fusion-builder-row fusion-row\"><div class=\"fusion-layout-column fusion_builder_column fusion-builder-column-2 fusion_builder_column_1_1 1_1 fusion-one-full fusion-column-first fusion-column-last\" style=\"margin-top:0px;margin-bottom:10px;\"><div class=\"fusion-column-wrapper fusion-flex-column-wrapper-legacy\" style=\"background-position:left top;background-blend-mode: overlay;background-repeat:no-repeat;-webkit-background-size:cover;-moz-background-size:cover;-o-background-size:cover;background-size:cover;padding: 0px 0px 0px 0px;\"><div class=\"fusion-text fusion-text-3\"><h3 style=\"text-align: center;\">Unsere Pflegeleistungen und verwendete Pflegeprodukte<\/h3>\n<\/div><div class=\"fusion-clearfix\"><\/div><\/div><\/div><div class=\"fusion-layout-column fusion_builder_column fusion-builder-column-3 fusion_builder_column_1_3 1_3 fusion-one-third fusion-column-first home-container-frame fusion-column-inner-bg-wrapper\" style=\"width:33.333333333333%;width:calc(33.333333333333% - ( ( 4% + 4% ) * 0.33333333333333 ) );margin-right: 4%;margin-top:0px;margin-bottom:10px;\" id=\"pflegeprodukte\"><div class=\"fusion-column-wrapper fusion-flex-column-wrapper-legacy\" style=\"border-width: 1px 1px 1px 1px;border-color:rgba(0,0,0,0.74);border-style:solid;padding: 0px 0px 0px 0px;\"><span class=\" fusion-imageframe imageframe-none imageframe-2 hover-type-none\"><img decoding=\"async\" width=\"300\" height=\"150\" title=\"box_home_pic_1\" src=\"https:\/\/wau-effekt.net\/waueffekt\/wp-content\/uploads\/2019\/03\/box_home_pic_1-300x150.jpg\" alt class=\"img-responsive wp-image-514\" srcset=\"https:\/\/wau-effekt.net\/waueffekt\/wp-content\/uploads\/2019\/03\/box_home_pic_1-200x100.jpg 200w, https:\/\/wau-effekt.net\/waueffekt\/wp-content\/uploads\/2019\/03\/box_home_pic_1.jpg 300w\" sizes=\"(max-width: 800px) 100vw, 300px\" \/><\/span><div class=\"fusion-text fusion-text-4 home-container\"><h4>WASCHEN, SCHNEIDEN, SCHEREN, TRIMMEN, CARDING<\/h4>\n<p>Professioneller Schnitt nach Rassestandard mit fachgerechter Haarpflege.<\/p>\n<\/div><div class=\"fusion-clearfix\"><\/div><\/div><span class=\"fusion-column-inner-bg hover-type-none\"><a class=\"fusion-column-anchor\" href=\"https:\/\/wau-effekt.net\/waueffekt\/leistungen#ls-waschen\"><span class=\"fusion-column-inner-bg-image\" style=\"background-color:#ffffff;background-position:left top;background-repeat:no-repeat;-webkit-background-size:cover;-moz-background-size:cover;-o-background-size:cover;background-size:cover;\"><\/span><\/a><\/span><\/div><div class=\"fusion-layout-column fusion_builder_column fusion-builder-column-4 fusion_builder_column_1_3 1_3 fusion-one-third home-container-frame fusion-column-inner-bg-wrapper\" style=\"width:33.333333333333%;width:calc(33.333333333333% - ( ( 4% + 4% ) * 0.33333333333333 ) );margin-right: 4%;margin-top:0px;margin-bottom:10px;\" id=\"miau\"><div class=\"fusion-column-wrapper fusion-flex-column-wrapper-legacy\" style=\"border-width: 1px 1px 1px 1px;border-color:rgba(0,0,0,0.74);border-style:solid;padding: 0px 0px 0px 0px;\"><span class=\" fusion-imageframe imageframe-none imageframe-3 hover-type-none\"><img decoding=\"async\" width=\"300\" height=\"150\" title=\"box_home_pic_2\" src=\"https:\/\/wau-effekt.net\/waueffekt\/wp-content\/uploads\/2019\/03\/box_home_pic_2-300x150.jpg\" alt class=\"img-responsive wp-image-519\" srcset=\"https:\/\/wau-effekt.net\/waueffekt\/wp-content\/uploads\/2019\/03\/box_home_pic_2-200x100.jpg 200w, https:\/\/wau-effekt.net\/waueffekt\/wp-content\/uploads\/2019\/03\/box_home_pic_2.jpg 300w\" sizes=\"(max-width: 800px) 100vw, 300px\" \/><\/span><div class=\"fusion-text fusion-text-5 home-container\"><h4>EXKLUSIVE PFLEGEPRODUKTE<\/h4>\n<p>Ich verwende komplexe und spezialisierte Pflegeprodukte, die auf die einzelnen Strukturen der unterschiedlichen Fellarten bestens abgestimmt sind.<\/p>\n<\/div><div class=\"fusion-clearfix\"><\/div><\/div><span class=\"fusion-column-inner-bg hover-type-none\"><a class=\"fusion-column-anchor\" href=\"https:\/\/wau-effekt.net\/waueffekt\/leistungen#ls-pflegeprodukte-mw\"><span class=\"fusion-column-inner-bg-image\" style=\"background-color:#ffffff;background-position:left top;background-repeat:no-repeat;-webkit-background-size:cover;-moz-background-size:cover;-o-background-size:cover;background-size:cover;\"><\/span><\/a><\/span><\/div><div class=\"fusion-layout-column fusion_builder_column fusion-builder-column-5 fusion_builder_column_1_3 1_3 fusion-one-third fusion-column-last home-container-frame fusion-column-inner-bg-wrapper\" style=\"width:33.333333333333%;width:calc(33.333333333333% - ( ( 4% + 4% ) * 0.33333333333333 ) );margin-top:0px;margin-bottom:10px;\"><div class=\"fusion-column-wrapper fusion-flex-column-wrapper-legacy\" style=\"border-width: 1px 1px 1px 1px;border-color:rgba(0,0,0,0.74);border-style:solid;padding: 0px 0px 0px 0px;\"><span class=\" fusion-imageframe imageframe-none imageframe-4 hover-type-none\"><img decoding=\"async\" width=\"300\" height=\"150\" title=\"box_home_pic_3\" src=\"https:\/\/wau-effekt.net\/waueffekt\/wp-content\/uploads\/2019\/03\/box_home_pic_3-300x150.jpg\" alt class=\"img-responsive wp-image-523\" srcset=\"https:\/\/wau-effekt.net\/waueffekt\/wp-content\/uploads\/2019\/03\/box_home_pic_3-200x100.jpg 200w, https:\/\/wau-effekt.net\/waueffekt\/wp-content\/uploads\/2019\/03\/box_home_pic_3.jpg 300w\" sizes=\"(max-width: 800px) 100vw, 300px\" \/><\/span><div class=\"fusion-text fusion-text-6 home-container\"><h4>PFOTEN- UND KRALLENBEHANDLUNG<\/h4>\n<p>Spezielles Pflegeprogramm f\u00fcr Pfoten, Krallen und Ballen.<\/p>\n<\/div><div class=\"fusion-clearfix\"><\/div><\/div><span class=\"fusion-column-inner-bg hover-type-none\"><a class=\"fusion-column-anchor\" href=\"https:\/\/wau-effekt.net\/waueffekt\/leistungen#ls-pfotenpflege\"><span class=\"fusion-column-inner-bg-image\" style=\"background-color:#ffffff;background-position:left top;background-repeat:no-repeat;-webkit-background-size:cover;-moz-background-size:cover;-o-background-size:cover;background-size:cover;\"><\/span><\/a><\/span><\/div><\/div><\/div><\/p>\n","protected":false},"excerpt":{"rendered":"","protected":false},"author":1,"featured_media":0,"parent":0,"menu_order":0,"comment_status":"closed","ping_status":"closed","template":"100-width.php","meta":{"footnotes":""},"class_list":["post-5","page","type-page","status-publish","hentry"],"yoast_head":"<!-- This site is optimized with the Yoast SEO plugin v20.6 - https:\/\/yoast.com\/wordpress\/plugins\/seo\/ -->\n<title>WAUEffekt Ihr Hundesalon in Frankfurt am Main<\/title>\n<meta name=\"description\" content=\"Baden, Schneiden, Scheren, Trimmen und mehr. WAUEffekt steht f\u00fcr gesunde, art- und fachgerechte Hundepflege in Frankfurt am Main.\" \/>\n<meta name=\"robots\" content=\"index, follow, max-snippet:-1, max-image-preview:large, max-video-preview:-1\" \/>\n<link rel=\"canonical\" href=\"https:\/\/wau-effekt.net\/waueffekt\/\" \/>\n<meta property=\"og:locale\" content=\"de_DE\" \/>\n<meta property=\"og:type\" content=\"article\" \/>\n<meta property=\"og:title\" content=\"WAUEffekt Ihr Hundesalon in Frankfurt am Main\" \/>\n<meta property=\"og:description\" content=\"Baden, Schneiden, Scheren, Trimmen und mehr. WAUEffekt steht f\u00fcr gesunde, art- und fachgerechte Hundepflege in Frankfurt am Main.\" \/>\n<meta property=\"og:url\" content=\"https:\/\/wau-effekt.net\/waueffekt\/\" \/>\n<meta property=\"og:site_name\" content=\"WAUEffekt\" \/>\n<meta property=\"article:modified_time\" content=\"2023-05-06T07:14:26+00:00\" \/>\n<meta name=\"twitter:card\" content=\"summary_large_image\" \/>\n<meta name=\"twitter:label1\" content=\"Gesch\u00e4tzte Lesezeit\" \/>\n\t<meta name=\"twitter:data1\" content=\"3\u00a0Minuten\" \/>\n<script type=\"application\/ld+json\" class=\"yoast-schema-graph\">{\"@context\":\"https:\/\/schema.org\",\"@graph\":[{\"@type\":\"WebPage\",\"@id\":\"https:\/\/wau-effekt.net\/waueffekt\/\",\"url\":\"https:\/\/wau-effekt.net\/waueffekt\/\",\"name\":\"WAUEffekt Ihr Hundesalon in Frankfurt am Main\",\"isPartOf\":{\"@id\":\"https:\/\/wau-effekt.net\/waueffekt\/#website\"},\"datePublished\":\"2019-02-17T14:14:53+00:00\",\"dateModified\":\"2023-05-06T07:14:26+00:00\",\"description\":\"Baden, Schneiden, Scheren, Trimmen und mehr. WAUEffekt steht f\u00fcr gesunde, art- und fachgerechte Hundepflege in Frankfurt am Main.\",\"breadcrumb\":{\"@id\":\"https:\/\/wau-effekt.net\/waueffekt\/#breadcrumb\"},\"inLanguage\":\"de\",\"potentialAction\":[{\"@type\":\"ReadAction\",\"target\":[\"https:\/\/wau-effekt.net\/waueffekt\/\"]}]},{\"@type\":\"BreadcrumbList\",\"@id\":\"https:\/\/wau-effekt.net\/waueffekt\/#breadcrumb\",\"itemListElement\":[{\"@type\":\"ListItem\",\"position\":1,\"name\":\"Startseite\",\"item\":\"https:\/\/wau-effekt.net\/waueffekt\/\"},{\"@type\":\"ListItem\",\"position\":2,\"name\":\"STARTSEITE\"}]},{\"@type\":\"WebSite\",\"@id\":\"https:\/\/wau-effekt.net\/waueffekt\/#website\",\"url\":\"https:\/\/wau-effekt.net\/waueffekt\/\",\"name\":\"WAUEffekt\",\"description\":\"Hundesalon und Hundepflege Sandra Busse\",\"publisher\":{\"@id\":\"https:\/\/wau-effekt.net\/waueffekt\/#\/schema\/person\/53bc278020aee875802f8ed66bbc1b5a\"},\"potentialAction\":[{\"@type\":\"SearchAction\",\"target\":{\"@type\":\"EntryPoint\",\"urlTemplate\":\"https:\/\/wau-effekt.net\/waueffekt\/?s={search_term_string}\"},\"query-input\":\"required name=search_term_string\"}],\"inLanguage\":\"de\"},{\"@type\":[\"Person\",\"Organization\"],\"@id\":\"https:\/\/wau-effekt.net\/waueffekt\/#\/schema\/person\/53bc278020aee875802f8ed66bbc1b5a\",\"name\":\"Marc-Oliver M\u00fcnster\",\"image\":{\"@type\":\"ImageObject\",\"inLanguage\":\"de\",\"@id\":\"https:\/\/wau-effekt.net\/waueffekt\/#\/schema\/person\/image\/\",\"url\":\"https:\/\/secure.gravatar.com\/avatar\/ce4240c9a9ef355cdba3a1c52fd710c9995690b6c39218da16eb63adf480945c?s=96&d=mm&r=g\",\"contentUrl\":\"https:\/\/secure.gravatar.com\/avatar\/ce4240c9a9ef355cdba3a1c52fd710c9995690b6c39218da16eb63adf480945c?s=96&d=mm&r=g\",\"caption\":\"Marc-Oliver M\u00fcnster\"},\"logo\":{\"@id\":\"https:\/\/wau-effekt.net\/waueffekt\/#\/schema\/person\/image\/\"}}]}<\/script>\n<!-- \/ Yoast SEO plugin. -->","yoast_head_json":{"title":"WAUEffekt Ihr Hundesalon in Frankfurt am Main","description":"Baden, Schneiden, Scheren, Trimmen und mehr. WAUEffekt steht f\u00fcr gesunde, art- und fachgerechte Hundepflege in Frankfurt am Main.","robots":{"index":"index","follow":"follow","max-snippet":"max-snippet:-1","max-image-preview":"max-image-preview:large","max-video-preview":"max-video-preview:-1"},"canonical":"https:\/\/wau-effekt.net\/waueffekt\/","og_locale":"de_DE","og_type":"article","og_title":"WAUEffekt Ihr Hundesalon in Frankfurt am Main","og_description":"Baden, Schneiden, Scheren, Trimmen und mehr. WAUEffekt steht f\u00fcr gesunde, art- und fachgerechte Hundepflege in Frankfurt am Main.","og_url":"https:\/\/wau-effekt.net\/waueffekt\/","og_site_name":"WAUEffekt","article_modified_time":"2023-05-06T07:14:26+00:00","twitter_card":"summary_large_image","twitter_misc":{"Gesch\u00e4tzte Lesezeit":"3\u00a0Minuten"},"schema":{"@context":"https:\/\/schema.org","@graph":[{"@type":"WebPage","@id":"https:\/\/wau-effekt.net\/waueffekt\/","url":"https:\/\/wau-effekt.net\/waueffekt\/","name":"WAUEffekt Ihr Hundesalon in Frankfurt am Main","isPartOf":{"@id":"https:\/\/wau-effekt.net\/waueffekt\/#website"},"datePublished":"2019-02-17T14:14:53+00:00","dateModified":"2023-05-06T07:14:26+00:00","description":"Baden, Schneiden, Scheren, Trimmen und mehr. WAUEffekt steht f\u00fcr gesunde, art- und fachgerechte Hundepflege in Frankfurt am Main.","breadcrumb":{"@id":"https:\/\/wau-effekt.net\/waueffekt\/#breadcrumb"},"inLanguage":"de","potentialAction":[{"@type":"ReadAction","target":["https:\/\/wau-effekt.net\/waueffekt\/"]}]},{"@type":"BreadcrumbList","@id":"https:\/\/wau-effekt.net\/waueffekt\/#breadcrumb","itemListElement":[{"@type":"ListItem","position":1,"name":"Startseite","item":"https:\/\/wau-effekt.net\/waueffekt\/"},{"@type":"ListItem","position":2,"name":"STARTSEITE"}]},{"@type":"WebSite","@id":"https:\/\/wau-effekt.net\/waueffekt\/#website","url":"https:\/\/wau-effekt.net\/waueffekt\/","name":"WAUEffekt","description":"Hundesalon und Hundepflege Sandra Busse","publisher":{"@id":"https:\/\/wau-effekt.net\/waueffekt\/#\/schema\/person\/53bc278020aee875802f8ed66bbc1b5a"},"potentialAction":[{"@type":"SearchAction","target":{"@type":"EntryPoint","urlTemplate":"https:\/\/wau-effekt.net\/waueffekt\/?s={search_term_string}"},"query-input":"required name=search_term_string"}],"inLanguage":"de"},{"@type":["Person","Organization"],"@id":"https:\/\/wau-effekt.net\/waueffekt\/#\/schema\/person\/53bc278020aee875802f8ed66bbc1b5a","name":"Marc-Oliver M\u00fcnster","image":{"@type":"ImageObject","inLanguage":"de","@id":"https:\/\/wau-effekt.net\/waueffekt\/#\/schema\/person\/image\/","url":"https:\/\/secure.gravatar.com\/avatar\/ce4240c9a9ef355cdba3a1c52fd710c9995690b6c39218da16eb63adf480945c?s=96&d=mm&r=g","contentUrl":"https:\/\/secure.gravatar.com\/avatar\/ce4240c9a9ef355cdba3a1c52fd710c9995690b6c39218da16eb63adf480945c?s=96&d=mm&r=g","caption":"Marc-Oliver M\u00fcnster"},"logo":{"@id":"https:\/\/wau-effekt.net\/waueffekt\/#\/schema\/person\/image\/"}}]}},"_links":{"self":[{"href":"https:\/\/wau-effekt.net\/waueffekt\/wp-json\/wp\/v2\/pages\/5","targetHints":{"allow":["GET"]}}],"collection":[{"href":"https:\/\/wau-effekt.net\/waueffekt\/wp-json\/wp\/v2\/pages"}],"about":[{"href":"https:\/\/wau-effekt.net\/waueffekt\/wp-json\/wp\/v2\/types\/page"}],"author":[{"embeddable":true,"href":"https:\/\/wau-effekt.net\/waueffekt\/wp-json\/wp\/v2\/users\/1"}],"replies":[{"embeddable":true,"href":"https:\/\/wau-effekt.net\/waueffekt\/wp-json\/wp\/v2\/comments?post=5"}],"version-history":[{"count":97,"href":"https:\/\/wau-effekt.net\/waueffekt\/wp-json\/wp\/v2\/pages\/5\/revisions"}],"predecessor-version":[{"id":1635,"href":"https:\/\/wau-effekt.net\/waueffekt\/wp-json\/wp\/v2\/pages\/5\/revisions\/1635"}],"wp:attachment":[{"href":"https:\/\/wau-effekt.net\/waueffekt\/wp-json\/wp\/v2\/media?parent=5"}],"curies":[{"name":"wp","href":"https:\/\/api.w.org\/{rel}","templated":true}]}}